 x is divided by w.
6
Suppose 0 = 3*y - b - 247, -2*y + 2*b - 109 + 279 = 0. What is the remainder when y is divided by 7?
4
Let r(m) = -5*m + 7. Suppose 0 = -v + 6*v - 15. Suppose -5*d - 7 = 4*y - 3, 2*d - 4 = -v*y. What is the remainder when r(d) is divided by 7?
6
What is the remainder when (2 + -1)/(2/212) is divided by 14?
8
Let m be (-220)/(5 + -10)*(-66)/8. Let i = -245 - m. Calculate the remainder when i is divided by 10.
8
Suppose 3*x + q = 22, -x + 5*q - 11 - 3 = 0. Let s be (-4)/(-10)*(0 + -5). Let k = s + x. Calculate the remainder when 6 is divided by k.
2
Let d = -10385 + 10391. What is the remainder when d is divided by (-4)/18 + (-20)/(-9)?
0
Let h(r) = 3*r + 18. Let m = -20 + 14. Let z be h(m). Suppose -2*g + 48 = 2*y, 0*y - 4*y + 4*g + 128 = z. Calculate the remainder when y is divided by 15.
13
Suppose 4*x + 72 - 29 = k, -k = x - 53. Calculate the remainder when 136 is divided by k.
34
Suppose -31 - 2 = -3*x + 5*r, 3*r = -9. Suppose 3*h - x*h = -132. What is the remainder when h is divided by 15?
14
Let v(p) = p**3 - 16*p**2 - 59*p + 65. Let t = 72 - 50. Suppose -t - 30 = -n. What is the remainder when n is divided by v(19)?
25
Suppose 3*y - 53 - 22 = 0. Let g(c) = -11*c - 50. Calculate the remainder when g(-18) is divided by y.
23
Let j = -18189 + 18211. Let a(s) = 14*s - 6. Suppose 7*h = -2*k + 4*h + 16, 4*k - 2*h - 16 = 0. What is the remainder when a(k) is divided by j?
20
Let l(h) = -h**3 + 3*h**2 + 15*h - 20. Calculate the remainder when 264 is divided by l(4).
0
Suppose 0 = -4*v - 4*j + 317 - 121, v - 2*j - 49 = 0. Calculate the remainder when 158 is divided by v.
11
Suppose 10 = -2*p, 5*p - p = 3*i - 23. Let y = 0 - 3. What is the remainder when (y + 4)*2*1 is divided by i?
0
Suppose -9 = -4*t - 1. What is the remainder when 95 is divided by t - 100/45 - (-454)/18?
20
Suppose 0 = -2*t + 8 - 0. Suppose 0*k - 5*v = k - 15, t*v = -8. Suppose 190 = 5*p + k. What is the remainder when p is divided by 17?
16
Let r be 1 - -1 - (-39)/(-13). Calculate the remainder when 51 is divided by (-266)/28*(-3 - r).
13
Let n(i) = i**2 - 23*i - 57. Calculate the remainder when n(27) is divided by 24.
3
Suppose 4*u = 4*z + 140, -2*u - 2 = -4. Let r = z - -54. What is the remainder when 78 is divided by r?
18
Suppose 17*p + 312 = 23*p. Calculate the remainder when 101 is divided by p.
49
Suppose 297*s - 216 = 289*s. What is the remainder when 80 + 6/(-1 - 2) is divided by s?
24
Suppose 0 = 14*f - 13*f + 15. Let r = 18 + f. Suppose -r*v = -0*v - 225. What is the remainder when v is divided by 26?
23
Suppose -653 = -h + 3*y, 3*h + 4*y - 5*y = 1935. Calculate the remainder when h is divided by 129.
128
Calculate the remainder when 60 is divided by (-6440)/80*4/(-14).
14
Let c(d) = d**3 + 5*d**2 - d - 3. Let w be c(-5). Let u = w + 10. Let p(x) = x**3 + 8*x**2 + 4*x - 1. Calculate the remainder when p(-4) is divided by u.
11
Let j(f) = 3*f**2 - 5*f - 18. Let n(d) = 3*d**2 - 4*d - 17. Let t(x) = -4*j(x) + 5*n(x). Calculate the remainder when t(8) is divided by 36.
35
Let x = 1734 - 1656. What is the remainder when 215 is divided by x?
59
Suppose -14 = -5*h + 146. Suppose 3*t = -2*g + 37, -5*t = g - h - 32. Calculate the remainder when 24 is divided by t.
11
Let c = -99 - -247. What is the remainder when c is divided by 69?
10
Suppose -3*j + 2*l - 275 = 0, -2*l - 103 = j + 3*l. Let z = 128 + j. What is the remainder when 173 is divided by z?
33
Let c(q) = -12*q**3 - q**2 + 3*q + 1. Let y be (-74)/(-4)*(7 - 5). Suppose -2*v + 7 = -y. What is the remainder when c(-2) is divided by v?
21
Let o(r) = 34*r. Let u be (-1 - 41/5)*(-6 - -1). Suppose 41*h - 43*h + u = 0. What is the remainder when o(2) is divided by h?
22
Let p = 22 + -21. Let t be p - (-72)/(-7 + 3). Let k = 25 + t. Calculate the remainder when 37 is divided by k.
5
Let i(v) = v**3 + v**2 - v + 16. Let w(h) = -h - 11. Let m be w(-6). Calculate the remainder when i(0) is divided by 1*-10*m/10.
1
Let o(g) = 42*g - 3. What is the remainder when o(1) is divided by 19?
1
Let g be -2*4/8*-2. Suppose -2*c + 571 = g*c - 5*t, -4*c - 5*t = -541. Calculate the remainder when c is divided by 14.
13
Let c(a) = 3*a + 95. What is the remainder when c(-26) is divided by 8?
1
Let q be (-1 - 0) + 4 - (-15 + 14). Suppose 2*n = q*h + 3*n - 307, 3*h = 3*n + 249. Calculate the remainder when h is divided by 16.
14
Let i(s) = -2*s + 16. Let c be i(7). Suppose -4*h - c*j = 16, -2*h + 4*j + 1 = -1. Calculate the remainder when 28 is divided by h + -38*4/(-8).
12
Let h = 1 + 19. Let c(v) = -v**3 - 6*v**2 - 3*v - 6. Let u be c(-6). Suppose -7*k = -9*k + u. Calculate the remainder when h is divided by k.
2
Let s(p) = -14*p - 1. Let x be s(-1). Let m(q) = -32*q - 1. Let c be m(-1). Suppose -c = -3*r - x. What is the remainder when 17 is divided by r?
5
Suppose -120 = 2*f - 98. Suppose 52 = -4*j - 4*b, 13 = -5*j - 2*b - 52. Let c = f - j. Calculate the remainder when 6 is divided by c.
0
Let n = 337 - 212. Let m = n - 52. Calculate the remainder when m is divided by 25.
23
Let z(f) = -f**3 + 17*f**2 + 19*f - 14. Let o be z(18). Suppose -o*n - 5*p + 223 = 0, 290 = 6*n - n - 5*p. Calculate the remainder when n is divided by 16.
9
Suppose -15 = -3*y + 24. Let k be (-1005)/(-5)*(-2)/(-6). Let f = 70 - k. What is the remainder when y is divided by f?
1
Let z = 18 + -1. Suppose j + 66 = 4*j. Suppose -3*g + j + 8 = 0. What is the remainder when z is divided by g?
7
Suppose -4*q = 4*b - 260, 21*b = 18*b + q + 187. What is the remainder when 64 is divided by b?
1
What is the remainder when 117 is divided by (-44)/(-1) + -4 + -6?
15
Let f(k) be the second derivative of k**4/6 + 3*k**3/2 - 3*k**2 + 25*k. What is the remainder when f(-7) is divided by 10?
9
Let d(v) = 45*v + 589. What is the remainder when 48 is divided by d(-13)?
0
Suppose 0*v + 2 = v. Let k be v - 1 - (2 - 1). Suppose 3*n = -k*n + 9. Calculate the remainder when 10 is divided by n.
1
Let y = 226 + -212. Suppose -5*i = -2*i - 3. Let s = i - -4. What is the remainder when y is divided by s?
4
Let o(u) = 5*u**2 - 13*u - 14. Let j be o(-4). Suppose -3*y - b + 46 + 42 = 0, -4*y - 2*b + j = 0. Calculate the remainder when 142 is divided by y.
26
Suppose -2*i - 182 = 60. Let h be 6/(-8) + i/(-44). Suppose h*m = 108 + 56. What is the remainder when m is divided by 17?
14
Let f = -166 + 258. What is the remainder when f is divided by 12?
8
Let v(f) = -f**3 - 8*f**2 - f + 10. Let y be v(-9). Suppose y = 5*w - 105. Suppose 18 + 10 = 2*s. Calculate the remainder when w is divided by s.
13
Let a = -13 + 19. What is the remainder when (a/9)/(2/123) is divided by (-1240)/(-90) - (2 - (-20)/(-9))?
13
Suppose -4*r + 4*h + 76 = 0, 5*h + 35 = r - 4. What is the remainder when 69 is divided by 4/r - 960/(-70)?
13
Let v = 117 + -20. Suppose -61 = -z + 4*l, l + 86 = 3*z - v. Calculate the remainder when z is divided by 31.
30
Let k(m) = -32*m + 312. Calculate the remainder when k(-17) is divided by 86.
82
Suppose -5*r + 3*q + 12 = -49, 3*q = -6. Suppose 81 = r*z - 2*z. What is the remainder when 22 is divided by z?
4
Let b = 322 + -356. Let z(h) = -4*h**2 - 4*h + 3. Let s be z(3). Let v = b - s. What is the remainder when 21 is divided by v?
10
Let b(c) = c**3 - 17*c**2 - 16*c - 21. Suppose 4*y - 74 + 10 = 4*m, -5*y = 5*m - 100. What is the remainder when b(y) is divided by 9?
6
Let l(r) = 5*r**2 - 2. Let f(o) be the second derivative of 5*o**3/6 - 33*o**2/2 + 34*o. What is the remainder when l(4) is divided by f(12)?
24
Suppose -583 = 77*m - 88*m. What is the remainder when m is divided by 19?
15
Let q = 747 + -347. Suppose 3*b + 2*r = 241, -b - 5*r = 4*b - q. Calculate the remainder when b is divided by 28.
25
Let s(g) = -2*g**3 - 42*g**2 - 41*g - 9. Calculate the remainder when s(-20) is divided by (-60)/(-14) - 6/21.
3
Let g be 4*(-27)/(-24)*-2. Let s be 74/8 + g/(-12). Suppose -13*c + 51 = -s*c. What is the remainder when 43 is divided by c?
9
Suppose -3*w = -115 - 17. What is the remainder when 251 is divided by w?
31
Suppose 9*y = 19*y - 270. What is the remainder when 267 is divided by y?
24
Let r = 9 + -9. Suppose r = -4*w - 21 + 61. Let b = 11 + -8. Calculate the remainder when w is divided by b.
1
Let i = -12 + 13. Suppose -3*g + i = -2*n, -n + g + 2 = -3*g. What i